ase 16, what is 2 + 394821?
394823
In base 4, what is 131 + 200020000?
200020131
In base 9, what is -6151 - -11883?
4732
In base 5, what is 104323 + 2121?
111444
In base 3, what is -22202 + 1002022100?
1001222121
In base 15, what is -215 - -2e6b2?
2e49c
In base 11, what is -119 + -1871a?
-18838
In base 14, what is -43 - 2c08a5?
-2c0908
In base 13, what is -801c787 + -28?
-801c7b2
In base 8, what is 5 + 33022617?
33022624
In base 6, what is 342150550 - -2?
342150552
In base 9, what is -8776138 + -7?
-8776146
In base 4, what is -21131 - -1020210213?
1020123022
In base 14, what is -78 - -736c?
72d4
In base 9, what is 5604 + 21062?
26666
In base 9, what is 6 + -73784816?
-73784810
In base 16, what is -13c - 1692?
-17ce
In base 15, what is -1e2314b + 3?
-1e23148
In base 5, what is -2 + 10041121222?
10041121220
In base 7, what is -64 + -15146436?
-15146533
In base 10, what is 89 + 5401768?
5401857
In base 4, what is 2 - -32010330032?
32010330100
In base 9, what is -2154554 - 3?
-2154557
In base 13, what is -147 + -2ac3?
-2c3a
In base 11, what is 43139 - -13?
43151
In base 11, what is -5679296 + -4?
-567929a
In base 15, what is -356 + -2381?
-26d7
In base 13, what is 1b + -381054?
-381036
In base 12, what is -6b75 + -514?
-7489
In base 15, what is -25d69d - -159?
-25d544
In base 9, what is -30 + 530232?
530202
In base 2, what is -11 + -11101010100011000?
-11101010100011011
In base 10, what is -395848 + -69?
-395917
In base 11, what is 7 + 63398111?
63398118
In base 2, what is 11100001011000011 - -1110001?
11100001100110100
In base 3, what is 12 + 102101021120212?
102101021121001
In base 16, what is -1d3359 - 3?
-1d335c
In base 4, what is -1030122320100 + -11?
-1030122320111
In base 2, what is 10010010101010 - 1100011011?
10000110001111
In base 9, what is 112261 - 2?
112258
In base 14, what is -26 + -19c47b9?
-19c4801
In base 15, what is 803d + -22e?
7d0e
In base 10, what is -326 + -336146?
-336472
In base 8, what is 31605044 + 13?
31605057
In base 11, what is -373a910 + -4?
-373a914
In base 14, what is 7c - 1b4a1?
-1b423
In base 4, what is -2320210 - -211331?
-2102213
In base 12, what is 9263326 + 5?
926332b
In base 7, what is -2 + -431515333?
-431515335
In base 8, what is 1 + 346010?
346011
In base 3, what is 1 + 20020100020112?
20020100020120
In base 3, what is -210100122002 - -1020201?
-210022101101
In base 9, what is -65528 - 58?
-65587
In base 5, what is -44110 + 340440?
241330
In base 13, what is 18077 + 16cc?
19776
In base 14, what is -87066b4 + 4?
-87066b0
In base 9, what is 25784233 + -21?
25784212
In base 8, what is -2 - -663665270?
663665266
In base 16, what is -853e - -3a6?
-8198
In base 6, what is 12453340 + -340?
12453000
In base 14, what is 6640d - -162?
66571
In base 11, what is 6a9162 + 74?
6a9226
In base 3, what is -2 - -100112100211202?
100112100211200
In base 6, what is -22523 - -3101412?
3034445
In base 2, what is 1101000 - 110111110110111?
-110111101001111
In base 6, what is -2552345410 - -3?
-2552345403
In base 3, what is -10020 + -100202220102112?
-100202220112202
In base 16, what is -1 + 16024f?
16024e
In base 5, what is 101 + 10232111?
10232212
In base 3, what is 12222 + 10212020211201?
10212021001200
In base 7, what is 301535414 - -3?
301535420
In base 9, what is 5 - 15765820?
-15765814
In base 14, what is 1267a5a - -5?
1267a61
In base 3, what is 11020121012011000 + 10?
11020121012011010
In base 5, what is 3313 + -231240311?
-231231443
In base 6, what is -224131 + 121512?
-102215
In base 14, what is -257 - 4a56?
-4cad
In base 7, what is -2220515632 - -20?
-2220515612
In base 5, what is 2300 - -3022011?
3024311
In base 10, what is -10496916 - 27?
-10496943
In base 9, what is -14273 - -56?
-14216
In base 8, what is 74 - -61370?
61464
In base 16, what is -255a9d + -3?
-255aa0
In base 5, what is -113 + 141420322?
141420204
In base 16, what is -3 + -47deda?
-47dedd
In base 5, what is -123223222 - 13?
-123223240
In base 15, what is -1cb9 - 2b46?
-4910
In base 3, what is 2 + 22120111021022222?
22120111021100001
In base 2, what is -10100111100100101 + -1000100010?
-10101000101000111
In base 3, what is -110112101 + 12020000?
-21022101
In base 16, what is -ff1881 + 1?
-ff1880
In base 16, what is -132e + -5e3a?
-7168
In base 13, what is 5805a0 - -83?
580653
In base 5, what is 103342012302 + 1?
103342012303
In base 14, what is -9 - b79c6?
-b79d1
In base 15, what is 23 - 977c8?
-977a5
In base 16, what is -95b4712 + -3?
-95b4715
In base 3, what is -10 + -22002022021022?
-22002022021102
In base 14, what is d - -568d91?
568da0
In base 15, what is -6e1c + -9e6?
-7913
In base 12, what is 1260 + 4a03?
6063
In base 9, what is -20761020 + -31?
-20761051
In base 4, what is -302301 - -13132002?
12223101
In base 10, what is -12 - -53856?
53844
In base 12, what is -29a07744b + 1?
-29a07744a
In base 13, what is -7 + 4ac31a?
4ac313
In base 8, what is 1427 + -377351?
-375722
In base 2, what is -111001001001 + -11001?
-111001100010
In base 6, what is 3 + 503243052?
503243055
In base 3, what is -12 - -20002000212200?
20002000212111
In base 2, what is 101100011101 - 10001101101000001?
-10001000000100100
In base 9, what is -25 - 121785?
-121821
In base 12, what is a69b - -3130?
1180b
In base 13, what is 11acb - -4?
11b02
In base 9, what is 4136 - -7838?
13075
In base 13, what is 3b + 5b03c?
5b07a
In base 16, what is -3 - -3a4ce7a?
3a4ce77
In base 10, what is -5 - 2364585?
-2364590
In base 6, what is 432123 - -324521?
1201044
In base 12, what is -22 - 16a20a?
-16a230
In base 14, what is 7205dc + -2?
7205da
In base 3, what is 101002200220012 - 10?
101002200220002
In base 11, what is -604253 - 2?
-604255
In base 10, what is 185 - 21363?
-21178
In base 8, what is -200 - 477234?
-477434
In base 11, what is -a5 + -7183?
-7278
In base 10, what is -684 + 39109?
38425
In base 8, what is -201 + -22454473?
-22454674
In base 10, what is 30903341 - -1?
30903342
In base 3, what is 1 - -120120200222000?
120120200222001
In base 11, what is 775 + 4436?
5100
In base 7, what is 256 + -1044026?
-1043440
In base 5, what is -202 - -100140040?
100134333
In base 2, what is 101111011 + 111110101100100101?
111110110010100000
In base 14, what is 1 - 4731db?
-4731da
In base 2, what is 1101010000010110 - -110001001100?
1110000001100010
In base 8, what is -26 + 2443371?
2443343
In base 14, what is 1bd - 4ad8?
-4919
In base 15, what is b + 3085ca?
3085d6
In base 12, what is 9993 - 146?
9849
In base 4, what is 12123311322 - -11?
12123311333
In base 13, what is 4 + -7cb88b?
-7cb887
In base 9, what is -211 + 1287283?
1287072
In base 5, what is 11444300001 + -10?
11444244441
In base 10, what is -3 - 186336073?
-186336076
In base 13, what is 7 + -b51775?
-b5176b
In base 12, what is -96423 + -126?
-96549
In base 5, what is 2313242120233 - -4?
2313242120242
In base 6, what is 540 + -10040242?
-10035302
In base 10, what is -14306770 - -1?
-14306769
In base 16, what is 9e7e520 - -3?
9e7e523
In base 15, what is -66c + -21a32?
-2219e
In base 16, what is -56 + -1e30?
-1e86
In base 12, what is -521 + 15a9a5?
15a484
In base 11, what is 32 + 991813?
991845
In base 5, what is 2 - -120240403223?
120240403230
In base 14, what is 426a + -2b58?
1512
In base 15, what is -17 - c002a?
-c0042
In base 3, what is -1110 + 1102102220120?
1102102212010
In base 11, what is 12 - a35554?
-a35542
In base 14, what is -22ca0667 + -3?
-22ca066a
In base 15, what is -4bc + -a48d?
-a95a
In base 10, what is -21 - -14809708?
14809687
In base 8, what is -5 + 15075574?
15075567
In base 4, what is 220121012112 - 103?
220121012003
In base 2, what is 100100100110110101 - -1101100010?
100100110100010111
In base 13, what is 16375 + -1368?
1500a
In base 10, what is 6 + -7997212?
-7997206
In base 11, what is 1a - -1320577a?
13205799
In base 12, what is -ab7 - 1490?
-2387
In base 10, what is 416 - -324608?
325024
In base 2, what is 101001110110 - -1111111000011011?
10000100010010001
In base 16, what is -1 + -15263a?
-15263b
In base 14, what is 12127 + 438?
12561
In base 4, what is 11 + -122002030310?
-122002030233
In base 13, what is -4 + -c4479b?
-c447a2
In base 4, what is 20232 + -20323222?
-20302330
In base 3, what is 21 + -1120221100110020?
-1120221100102222
In base 3, what is 122021200020 + -111121?
122021011122
In base 14, w